{"id":7754,"date":"2021-10-05T18:03:27","date_gmt":"2021-10-06T00:03:27","guid":{"rendered":"https:\/\/industriasmercar.com\/tienda\/?page_id=7754"},"modified":"2021-10-05T18:12:10","modified_gmt":"2021-10-06T00:12:10","slug":"politica-de-devolucion","status":"publish","type":"page","link":"https:\/\/industriasmercar.com\/tienda\/politica-de-devolucion\/","title":{"rendered":"Pol\u00edtica de Devoluci\u00f3n"},"content":{"rendered":"\t\t<div data-elementor-type=\"wp-page\" data-elementor-id=\"7754\" class=\"elementor elementor-7754\">\n\t\t\t\t\t\t<section class=\"elementor-section elementor-top-section elementor-element elementor-element-8bf7023 elementor-section-boxed elementor-section-height-default elementor-section-height-default\" data-id=\"8bf7023\" data-element_type=\"section\">\n\t\t\t\t\t\t<div class=\"elementor-container elementor-column-gap-default\">\n\t\t\t\t\t<div class=\"elementor-column elementor-col-100 elementor-top-column elementor-element elementor-element-1260ea2\" data-id=\"1260ea2\" data-element_type=\"column\">\n\t\t\t<div class=\"elementor-widget-wrap elementor-element-populated\">\n\t\t\t\t\t\t<div class=\"elementor-element elementor-element-32760f5 elementor-widget elementor-widget-heading\" data-id=\"32760f5\" data-element_type=\"widget\" data-widget_type=\"heading.default\">\n\t\t\t\t<div class=\"elementor-widget-container\">\n\t\t\t\t\t<h2 class=\"elementor-heading-title elementor-size-default\"><h2 data-fontsize=\"38\" data-lineheight=\"47.88px\" style=\"margin-bottom: 0px;font-family: Montserrat, Arial, Helvetica, sans-serif;font-weight: 700;line-height: 1.26;flex-grow: 0;padding-right: 45px;padding-left: 45px;font-size: 38px;text-align: center;white-space: normal;--fontSize:38\">Pol\u00edtica de devoluci\u00f3n<\/h2><\/h2>\t\t\t\t<\/div>\n\t\t\t\t<\/div>\n\t\t\t\t\t<\/div>\n\t\t<\/div>\n\t\t\t\t\t<\/div>\n\t\t<\/section>\n\t\t\t\t<section class=\"elementor-section elementor-top-section elementor-element elementor-element-9470396 elementor-section-boxed elementor-section-height-default elementor-section-height-default\" data-id=\"9470396\" data-element_type=\"section\">\n\t\t\t\t\t\t<div class=\"elementor-container elementor-column-gap-default\">\n\t\t\t\t\t<div class=\"elementor-column elementor-col-100 elementor-top-column elementor-element elementor-element-55d143e\" data-id=\"55d143e\" data-element_type=\"column\">\n\t\t\t<div class=\"elementor-widget-wrap elementor-element-populated\">\n\t\t\t\t\t\t<div class=\"elementor-element elementor-element-fb8e0a7 elementor-widget elementor-widget-spacer\" data-id=\"fb8e0a7\" data-element_type=\"widget\" data-widget_type=\"spacer.default\">\n\t\t\t\t<div class=\"elementor-widget-container\">\n\t\t\t\t\t\t\t<div class=\"elementor-spacer\">\n\t\t\t<div class=\"elementor-spacer-inner\"><\/div>\n\t\t<\/div>\n\t\t\t\t\t\t<\/div>\n\t\t\t\t<\/div>\n\t\t\t\t\t<\/div>\n\t\t<\/div>\n\t\t\t\t\t<\/div>\n\t\t<\/section>\n\t\t\t\t<section class=\"elementor-section elementor-top-section elementor-element elementor-element-7be409a elementor-section-boxed elementor-section-height-default elementor-section-height-default\" data-id=\"7be409a\" data-element_type=\"section\">\n\t\t\t\t\t\t<div class=\"elementor-container elementor-column-gap-default\">\n\t\t\t\t\t<div class=\"elementor-column elementor-col-100 elementor-top-column elementor-element elementor-element-f52cb8e\" data-id=\"f52cb8e\" data-element_type=\"column\">\n\t\t\t<div class=\"elementor-widget-wrap elementor-element-populated\">\n\t\t\t\t\t\t<div class=\"elementor-element elementor-element-0eb14b0 elementor-widget elementor-widget-text-editor\" data-id=\"0eb14b0\" data-element_type=\"widget\" data-widget_type=\"text-editor.default\">\n\t\t\t\t<div class=\"elementor-widget-container\">\n\t\t\t\t\t\t\t\t\t<p style=\"color: #000000; font-family: 'Times New Roman'; font-size: medium;\">Estimado Cliente:<\/p><p style=\"color: #000000; font-family: 'Times New Roman'; font-size: medium;\">Toda mercader\u00eda que adquiere en Industrias Mercar goza de garant\u00eda, y si no satisface sus expectativas est\u00e1 sujeta a cambio o devoluci\u00f3n durante los primeros 8 d\u00edas a partir de la fecha de compra, siempre que este no haya sufrido deterioro, no haya sido utilizada y se encuentre con sus empaques originales.<\/p><p style=\"color: #000000; font-family: 'Times New Roman'; font-size: medium;\">\u00a0<\/p><p style=\"color: #000000; font-family: 'Times New Roman'; font-size: medium;\">Para hacer efectiva esta pol\u00edtica de cambio o devoluci\u00f3n es necesario tomar en cuenta la siguiente informaci\u00f3n:<\/p><p style=\"color: #000000; font-family: 'Times New Roman'; font-size: medium;\">1. Debe presentar la factura o Credito Fiscal original para todo cambio o devoluci\u00f3n.<\/p><p style=\"color: #000000; font-family: 'Times New Roman'; font-size: medium;\">2. El articulo no debe haber sufrido deterioro por mal uso o manejo inapropiado.<\/p><p style=\"color: #000000; font-family: 'Times New Roman'; font-size: medium;\">3. Para cambio de mercader\u00eda porque no cubre sus necesidades, se requiere que no debe haber sido usada. Esto implica cualquier etiqueta, sello de garant\u00eda o empaque descartable debe estar en \u00f3ptimas condiciones.<\/p><p style=\"color: #000000; font-family: 'Times New Roman'; font-size: medium;\">4. Los art\u00edculos pertenecientes a ropa interior solamente se cambiaran si se observa alg\u00fan deterioro o desperfecto propio de fabricaci\u00f3n. Deben encontrarse sellados y en su empaque original.<\/p><p style=\"color: #000000; font-family: 'Times New Roman'; font-size: medium;\">5. Si el articulo que adquiere se encuentra averiado el d\u00eda de la compra y por tal motivo el precio de compra esta en oferta, este no goza de garant\u00eda y no podr\u00e1 ser cambiado o devuelto.<\/p><p style=\"color: #000000; font-family: 'Times New Roman'; font-size: medium;\">6. El valor de la devoluci\u00f3n lo define el precio del producto descrito en la factura.<\/p><p style=\"color: #000000; font-family: 'Times New Roman'; font-size: medium;\">7. No se aceptan cambios o devoluciones de mercader\u00eda entre pa\u00edses.<\/p><p style=\"color: #000000; font-family: 'Times New Roman'; font-size: medium;\">\u00a0<\/p><p style=\"color: #000000; font-family: 'Times New Roman'; font-size: medium;\">Garant\u00eda cambios y devoluciones<\/p><p style=\"color: #000000; font-family: 'Times New Roman'; font-size: medium;\">La Ley de Protecci\u00f3n al Consumidor establece, que, para ejercer el derecho de pedir cambios, devoluciones o exigir garant\u00edas, el consumidor debe presentar su factura de compra.<\/p><p style=\"color: #000000; font-family: 'Times New Roman'; font-size: medium;\">Adicionalmente el art\u00edculo 111 del C\u00f3digo Tributario obliga a todo contribuyente del IVA (como lo es INDUSTRIAS MERCAR) aceptar devoluciones de producto, a reintegrar el dinero o cambiar por otro producto \u00fanicamente &#8220;anulando&#8221; la factura de compra original. Sin el comprobante, la compra original no se puede anular y para efectos fiscales ese IVA debe ser pagado al Ministerio de Hacienda.<\/p><p style=\"color: #000000; font-family: 'Times New Roman'; font-size: medium;\">\u00a0<\/p><p style=\"color: #000000; font-family: 'Times New Roman'; font-size: medium;\">Para mayor informaci\u00f3n puede: escribirnos a servicioalcliente@industriasmercar.com llamarnos a call center 2273-6649 o visitar nuestra sala de ventas.<\/p>\t\t\t\t\t\t\t\t<\/div>\n\t\t\t\t<\/div>\n\t\t\t\t\t<\/div>\n\t\t<\/div>\n\t\t\t\t\t<\/div>\n\t\t<\/section>\n\t\t\t\t<section class=\"elementor-section elementor-top-section elementor-element elementor-element-b983288 elementor-section-boxed elementor-section-height-default elementor-section-height-default\" data-id=\"b983288\" data-element_type=\"section\">\n\t\t\t\t\t\t<div class=\"elementor-container elementor-column-gap-default\">\n\t\t\t\t\t<div class=\"elementor-column elementor-col-100 elementor-top-column elementor-element elementor-element-8d7c0a7\" data-id=\"8d7c0a7\" data-element_type=\"column\">\n\t\t\t<div class=\"elementor-widget-wrap elementor-element-populated\">\n\t\t\t\t\t\t<div class=\"elementor-element elementor-element-3bcb461 elementor-widget elementor-widget-spacer\" data-id=\"3bcb461\" data-element_type=\"widget\" data-widget_type=\"spacer.default\">\n\t\t\t\t<div class=\"elementor-widget-container\">\n\t\t\t\t\t\t\t<div class=\"elementor-spacer\">\n\t\t\t<div class=\"elementor-spacer-inner\"><\/div>\n\t\t<\/div>\n\t\t\t\t\t\t<\/div>\n\t\t\t\t<\/div>\n\t\t\t\t\t<\/div>\n\t\t<\/div>\n\t\t\t\t\t<\/div>\n\t\t<\/section>\n\t\t\t\t<\/div>\n\t\t","protected":false},"excerpt":{"rendered":"<p>Pol\u00edtica de devoluci\u00f3n Estimado Cliente: Toda mercader\u00eda que adquiere en Industrias Mercar goza de garant\u00eda, y si no satisface sus expectativas est\u00e1 sujeta a cambio&#8230;<\/p>\n","protected":false},"author":1,"featured_media":0,"parent":0,"menu_order":0,"comment_status":"closed","ping_status":"closed","template":"elementor_header_footer","meta":{"nf_dc_page":"","_monsterinsights_skip_tracking":false,"_monsterinsights_sitenote_active":false,"_monsterinsights_sitenote_note":"","_monsterinsights_sitenote_category":0,"footnotes":""},"class_list":["post-7754","page","type-page","status-publish","hentry"],"aioseo_notices":[],"_links":{"self":[{"href":"https:\/\/industriasmercar.com\/tienda\/wp-json\/wp\/v2\/pages\/7754","targetHints":{"allow":["GET"]}}],"collection":[{"href":"https:\/\/industriasmercar.com\/tienda\/wp-json\/wp\/v2\/pages"}],"about":[{"href":"https:\/\/industriasmercar.com\/tienda\/wp-json\/wp\/v2\/types\/page"}],"author":[{"embeddable":true,"href":"https:\/\/industriasmercar.com\/tienda\/wp-json\/wp\/v2\/users\/1"}],"replies":[{"embeddable":true,"href":"https:\/\/industriasmercar.com\/tienda\/wp-json\/wp\/v2\/comments?post=7754"}],"version-history":[{"count":5,"href":"https:\/\/industriasmercar.com\/tienda\/wp-json\/wp\/v2\/pages\/7754\/revisions"}],"predecessor-version":[{"id":7759,"href":"https:\/\/industriasmercar.com\/tienda\/wp-json\/wp\/v2\/pages\/7754\/revisions\/7759"}],"wp:attachment":[{"href":"https:\/\/industriasmercar.com\/tienda\/wp-json\/wp\/v2\/media?parent=7754"}],"curies":[{"name":"wp","href":"https:\/\/api.w.org\/{rel}","templated":true}]}}