{"id":7832,"date":"2021-11-08T22:03:59","date_gmt":"2021-11-09T04:03:59","guid":{"rendered":"https:\/\/industriasmercar.com\/tienda\/?post_type=product&#038;p=7832"},"modified":"2021-11-08T22:05:57","modified_gmt":"2021-11-09T04:05:57","slug":"boxer-brief-de-algodon-blanco","status":"publish","type":"product","link":"https:\/\/industriasmercar.com\/tienda\/producto\/boxer-brief-de-algodon-blanco\/","title":{"rendered":"Boxer Brief de Algod\u00f3n Blanco"},"content":{"rendered":"<p>C\u00f3modo y fresco b\u00f3xer, elaborado 100% de algod\u00f3n disponible en empaque de 1 unidad.<\/p>\n","protected":false},"excerpt":{"rendered":"<ul>\n<li>B\u00f3xer 100% algod\u00f3n colores.<\/li>\n<li>Producto empacado.<\/li>\n<\/ul>\n","protected":false},"featured_media":0,"comment_status":"open","ping_status":"closed","template":"","meta":{"nf_dc_page":"","_monsterinsights_skip_tracking":false,"_monsterinsights_sitenote_active":false,"_monsterinsights_sitenote_note":"","_monsterinsights_sitenote_category":0},"etheme_brands":[{"term_id":119,"name":"algod\u00f3n","slug":"algodon","term_group":0,"term_taxonomy_id":119,"taxonomy":"brand","description":"","parent":0,"count":19,"filter":"raw"}],"product_brand":[],"product_cat":[136,143],"product_tag":[134,137],"class_list":{"0":"post-7832","1":"product","2":"type-product","3":"status-publish","5":"brand-algodon","6":"product_cat-ropa-interior","7":"product_cat-boxers-de-algodon","8":"product_tag-blanco","9":"product_tag-boxer","11":"first","12":"instock","13":"taxable","14":"shipping-taxable","15":"purchasable","16":"product-type-variable"},"aioseo_notices":[],"_links":{"self":[{"href":"https:\/\/industriasmercar.com\/tienda\/wp-json\/wp\/v2\/product\/7832","targetHints":{"allow":["GET"]}}],"collection":[{"href":"https:\/\/industriasmercar.com\/tienda\/wp-json\/wp\/v2\/product"}],"about":[{"href":"https:\/\/industriasmercar.com\/tienda\/wp-json\/wp\/v2\/types\/product"}],"replies":[{"embeddable":true,"href":"https:\/\/industriasmercar.com\/tienda\/wp-json\/wp\/v2\/comments?post=7832"}],"wp:attachment":[{"href":"https:\/\/industriasmercar.com\/tienda\/wp-json\/wp\/v2\/media?parent=7832"}],"wp:term":[{"taxonomy":"brand","embeddable":true,"href":"https:\/\/industriasmercar.com\/tienda\/wp-json\/wp\/v2\/etheme_brands?post=7832"},{"taxonomy":"product_brand","embeddable":true,"href":"https:\/\/industriasmercar.com\/tienda\/wp-json\/wp\/v2\/product_brand?post=7832"},{"taxonomy":"product_cat","embeddable":true,"href":"https:\/\/industriasmercar.com\/tienda\/wp-json\/wp\/v2\/product_cat?post=7832"},{"taxonomy":"product_tag","embeddable":true,"href":"https:\/\/industriasmercar.com\/tienda\/wp-json\/wp\/v2\/product_tag?post=7832"}],"curies":[{"name":"wp","href":"https:\/\/api.w.org\/{rel}","templated":true}]}}